.
17
Calculate the remainder when 8796 is divided by (164/123*3/8)/(4/400).
46
Suppose 147 + 113 = -5*l. Let z = l + 55. Suppose -37 = -z*y + n, 5*y + n = -4*n + 55. What is the remainder when 35 is divided by y?
11
Calculate the remainder when 1402 is divided by 5 - -6*1/(-1)*143/(-39).
25
Let h = 15285 - 15221. Let c(d) = 3*d + 3. Suppose -4*w - 4 = -24. Calculate the remainder when h is divided by c(w).
10
Suppose 4*a + 156 = 4*v, -45*v = -48*v + 4*a + 110. Suppose -2*c + 32 = -0*c. Calculate the remainder when v is divided by c.
14
Suppose -2*v + 136 = -0*l + 2*l, 2*l + 3*v - 137 = 0. Suppose 8*n - 10*n - 13 = -r, 3*r = 2*n + 39. Calculate the remainder when l is divided by r.
2
Let i be (-1)/3 - (-150)/18. Let k(y) = 15*y - 15. Let h(f) = 9*f - 45. What is the remainder when k(i) is divided by h(9)?
33
Suppose -2*p + 33 + 23 = -n, 0 = -2*n + 2*p - 112. Let h be (-1)/7 + (-400)/n. Suppose 11*x - 40 = h*x. Calculate the remainder when 58 is divided by x.
8
Suppose -890*r + 901*r = 110. What is the remainder when 317 is divided by r?
7
Let s(n) = 2*n - 4. Let f be s(2). Suppose 0*u - 2*u + 34 = f. Suppose 8*y - y = q + 35, -q = -4*y + 20. Calculate the remainder when u is divided by y.
2
Calculate the remainder when (-144)/(56/(-12) + 4) + 5*-1 is divided by 45.
31
Suppose -28*g = -162*g + 2278. Suppose 5*n = 2*v + 1, 4*v + 5*n - 10 = 3. Calculate the remainder when g is divided by (1 + v)*30/9.
7
Calculate the remainder when (-9)/15 + (-1160810)/175*(-2)/4 is divided by 37.
23
Let v(a) = -a**3 + 17*a**2 + 37*a + 19. Let u be v(19). Suppose u = 3*q - 1448 + 230. What is the remainder when q is divided by 68?
66
Suppose -18*l - 34*l - 7644 = -66*l. Calculate the remainder when l is divided by 268.
10
Let l(v) = v**3 - v**2 + 4. Calculate the remainder when l(7) is divided by 84.
46
Suppose 11646 = 39*t - 26769. Calculate the remainder when t is divided by 34.
33
Let i(w) be the third derivative of -w**5/60 + 5*w**4/12 + w**3/6 + 8*w**2. Let v = -58 + 95. Calculate the remainder when v is divided by i(9).
7
Let r(k) = -k**2 + 9*k. Let f(d) = -3*d - 1. Let l be f(-3). Let n be r(l). Let t = 19 + n. Calculate the remainder when t is divided by 8.
3
Suppose -5*t + 5*w = -785, 0*t - 2*t + 317 = -w. Calculate the remainder when t is divided by 57.
46
Suppose -13*j + 2*j + 1212 = -14815. Calculate the remainder when j is divided by 133.
127
Let s = 317 + -747. Let b = s + 458. Calculate the remainder when 334 is divided by b.
26
Let y(d) = 4*d**2 + 45*d + 32. Let h be y(-18). Let o = 541 - h. Suppose 0 = w + 3*w - 256. Calculate the remainder when w is divided by o.
18
Suppose 28*d - 16*d = 389*d - 11687. Let x be (-2)/(338/334 - 1). Let w = -108 - x. What is the remainder when w is divided by d?
28
Let m = -10599 - -10648. What is the remainder when 1412 is divided by m?
40
Let w(m) = -5*m**3 - 7*m**2 + 13*m + 7. What is the remainder when w(-4) is divided by 88?
75
Let t(d) = d**3 + 151*d**2 + 2*d + 3149. What is the remainder when t(0) is divided by 42?
41
Let y(b) = -b**3 - 47*b**2 - 562*b + 24. Calculate the remainder when y(-27) is divided by 63.
51
Let c = -625 - -653. Calculate the remainder when 58 is divided by c.
2
What is the remainder when 20/(-70) - (-1080)/7 is divided by (-2)/(-16) + 5395/104?
50
Suppose -240 = -9*k + 13*k. Let a be (-135)/k + (-2)/8. Suppose 2*u - 5*r - 10 = -4, 8 = a*r. Calculate the remainder when 44 is divided by u.
5
Let c(v) = 13962*v + 125667. Suppose -190 - 124 = -u. What is the remainder when u is divided by c(-9)?
8
What is the remainder when 1096 is divided by 4228/84 - ((-4)/12*-10 + -3)?
46
Let c(k) = 420*k + 47. What is the remainder when c(1) is divided by 157?
153
Suppose 7*h = 7767 - 1957. Suppose -42 + 28 = -2*y. Calculate the remainder when h is divided by y.
4
Suppose 6*d - 2 - 16 = 0. Suppose 2*j - 16 = 4*z, 2*j + z - 20 = d*z. Suppose -42*b + 38*b + 172 = 0. What is the remainder when b is divided by j?
7
Let c(j) = 2*j**2 + 6*j - 7. Suppose -3*o - 6055 + 6325 = 0. Calculate the remainder when o is divided by c(-5).
12
Calculate the remainder when 922 is divided by 82 - (-22 - 4541/(-209) - (-116)/22).
75
Suppose -2*b + 5*b + 18 = 0. Calculate the remainder when 283 is divided by ((-44)/b)/((-56)/(-84)).
8
Let a(w) = -2*w**2 - w - 7. Let c be a(3). Let z = c - -24. What is the remainder when (-78)/z*(-2)/(-3)*1 is divided by 7?
6
Calculate the remainder when ((-654)/(-8))/(11/8 + (16 - 17)) is divided by 15.
8
Suppose 0 = 26*r + 164 - 554. Let z be (0 - -1)/((-2)/10). Let i(x) = 2*x**2 + x - 3. What is the remainder when i(z) is divided by r?
12
Let t = -59045 - -59330. What is the remainder when t is divided by 108/6*(-1 - -2)?
15
Let z be -10*3*(-8)/12. Suppose z = 14*t + 6. Suppose -16 = h - 3*h. What is the remainder when h is divided by t?
0
Suppose 5*m + 4*b - b - 575 = 0, m + 3*b = 127. Suppose -27*h + m = -23*h. What is the remainder when 40 is divided by h?
12
Suppose -43*g - 13*z + 15*z + 4976 = 0, 0 = 4*z - 24. What is the remainder when 1269 is divided by g?
109
Suppose r + 596 = 5*r. Let k = r - 97. Suppose 3*d = 6*d - 612. Calculate the remainder when d is divided by k.
48
Let m(n) = 2*n + 22. Let o be m(-11). Suppose o = 53*l - 50*l - 9. Suppose -x + 4*k = -21, l*x + k - 30 = 2*k. Calculate the remainder when 22 is divided by x.
4
Let w(y) be the second derivative of -y**4/12 + 13*y**3/3 + 25*y**2/2 + 13*y - 2. Let c = -33 + 58. What is the remainder when w(24) is divided by c?
23
Let f = 17749 + -17745. Calculate the remainder when 2418 is divided by f.
2
Suppose -18*d = -3*b + 318, -b - 9*d + 12*d = -79. What is the remainder when 622 is divided by b?
50
Let q = -242 + 393. What is the remainder when q is divided by 81?
70
Let h = 16101 + -16090. Calculate the remainder when 461 is divided by h.
10
Let s = 6195 - 6165. Calculate the remainder when 4167 is divided by s.
27
Let a = 6799 + -3343. What is the remainder when a is divided by 91?
89
Suppose 3*u - 8*u = -40. Suppose 3*r + 50 = u*r. Suppose -2*f = -r - 12. Calculate the remainder when 19 is divided by f.
8
Let c(t) = 32*t**2 + 2*t - 3. Let v = -261 + 816. Calculate the remainder when v is divided by c(1).
28
Let g = 7940 - 7788. Calculate the remainder when 1514 is divided by g.
146
Let s = -649 - -649. Suppose s = -2*b - 18*b + 260. Suppose 5*t = 2*t + 4*l + 134, 0 = 2*t - l - 96. Calculate the remainder when t is divided by b.
11
Let a(r) be the first derivative of -16*r**2 - 19. Let v(h) = h. Let j(l) = -4*a(l) - 144*v(l). Calculate the remainder when 77 is divided by j(-1).
13
Let t = -621 + 62. Let h = 502 - t. What is the remainder when h is divided by 18?
17
Let r = -614 + 4721. Calculate the remainder when r is divided by 26.
25
Suppose 56*j = 53*j + 6, -2*c = 5*j - 128. Calculate the remainder when (49/2)/((-14)/(-168)) is divided by c.
58
Let j(h) = -h**3 + 8*h**2 - 103*h + 846. Let g = -197 + 282. What is the remainder when g is divided by j(8)?
19
Let f(q) = q**2 - 93*q + 2347. What is the remainder when 4126 is divided by f(50)?
186
Let g(r) = -r**2 - 20*r + 11. Let m(d) = 9*d + 1. Let a(c) = -c**3 - 3*c**2 - c - 1. Let n be a(-3). What is the remainder when g(-16) is divided by m(n)?
18
Suppose 5*d = 2*u - 24, -25 = -3*u + d + d. Let a(y) = -2*y - 4. Let h be a(1). Calculate the remainder when (-1 - h)*122/10 is divided by u.
5
Calculate the remainder when (-7)/4 + 132066/696 is divided by 4.
0
Suppose -553*t + 17802 = -544*t. What is the remainder when t is divided by 52?
2
Let q(l) = 2*l - 52. Let p be q(27). What is the remainder when (-11 - (-590)/30)/(p/9) is divided by 21?
18
Suppose -3740 = -4*w + 4*o, -5*w + 3*o + 3862 = -807. Suppose w = 9*g - 1165. What is the remainder when g is divided by 61?
50
Let x = -2461 - -2718. What is the remainder when x is divided by 104?
49
Let j(v) = -v**2 - 4*v - 7. Let g be j(-5). Let u be (-44)/g*-2*3. Let m = u + 64. What is the remainder when m is divided by 11?
9
Suppose -2*r + 9*r - 630 = 0. Let z = r - 79. What is the remainder when 185 is divided by z?
9
What is the remainder when (4/(-3))/(352/264) + 418 is divided by 89?
61
Suppose 34550 = 4195*m - 83244 - 96151. Let w(v) = -34*v - 6. Calculate the remainder when w(-6) is divided by m.
45
Suppose -67*